and r?
13
Let a = 5 + -1. Suppose 928 = 22*t + 136. What is the highest common factor of t and a?
4
Suppose 4*m = 5*c + 3*m - 3, -3*c - 2*m - 6 = 0. Suppose c = -2*o + 3*o, 5*t = -5*o + 250. Calculate the highest common factor of t and 10.
10
Let c(v) = 19*v + 458. Let m be c(-23). Let j be (-14)/(2/(-3) - 0). Calculate the greatest common divisor of m and j.
21
Suppose 0 = 4*p - 12*p + 640. Calculate the highest common divisor of p and 440.
40
Let r(j) = -j**2 - 9*j + 30. Let u be r(-9). Let d be (-12)/u + (-62)/(-5). Calculate the highest common factor of d and 6.
6
Let a = -63 + 89. Suppose 2*b - a + 2 = 0. Calculate the greatest common divisor of 8 and b.
4
Let m(u) = -17*u - 3. Let f be m(-1). Suppose 4*p - 449 - 167 = 0. Calculate the greatest common factor of f and p.
14
Let n be (-320 + -2)*(1 + -3). What is the greatest common divisor of 28 and n?
28
Suppose 2*r + 98 = 102. Let h be (14/(196/(-189)))/(r/(-8)). Calculate the highest common divisor of h and 189.
27
Let i = -1577 + 1676. Calculate the highest common divisor of 2 and i.
1
Suppose -2*l + 5*g + 17 = 0, 6*g - 38 = -3*l + g. Suppose 9*s - l*s + 36 = 0. What is the greatest common factor of s and 108?
18
Suppose 0 = 47*h - 54*h + 399. What is the highest common divisor of h and 12?
3
Let c be 0 - -7 - (1 - 0). Let z(o) = -o**3 - 6*o**2 - 7*o - 4. Let k be z(-5). Calculate the highest common divisor of c and k.
6
Let a = 133 - 129. Let u = -4 + 10. Calculate the greatest common divisor of a and u.
2
Let n(h) = 5*h + 20. Let j be n(0). What is the greatest common divisor of 50 and j?
10
Let k = 5 - 78. Let d = -9 - k. Suppose -4*s + 24 = -4*h, 0 = -s - 5*h + h + 16. What is the greatest common divisor of s and d?
8
Suppose -2*h - 150 = -2*t, 4*h - 228 = -3*t + 8*h. Calculate the greatest common factor of 40 and t.
8
Let f be 4*((-10)/40 - (-5)/4). Let s be (2*f/6)/(16/312). What is the highest common divisor of 208 and s?
26
Let q be (-1)/(1 + 2) - (-3155)/15. Let j = -131 + 161. Calculate the greatest common divisor of q and j.
30
Suppose 0*p - 4*w = -3*p + 140, -225 = -5*p + 5*w. What is the highest common factor of 120 and p?
40
Let o be -34*(10/5 + -5). What is the greatest common divisor of 153 and o?
51
Let d = 17 - 10. Let t(z) be the first derivative of z**2/2 + 14*z - 4. Let k be t(d). What is the greatest common factor of k and 14?
7
Let m be -3 + 4580/36 + (-10)/45. Let k = m + -86. What is the highest common divisor of 57 and k?
19
Suppose 883 = 2*r + 3*l, -5*r + 10*l + 2194 = 13*l. What is the highest common factor of r and 23?
23
Let q(k) = 2 + 3*k**3 - 10*k**2 + 5*k + 8*k**2 - 8 - 4*k**3. Let x be q(-5). What is the greatest common divisor of x and 110?
22
Let d = 455 - 425. Calculate the greatest common divisor of 285 and d.
15
Suppose 147*a = 153*a - 14484. What is the highest common divisor of a and 34?
34
Suppose 2*f - c = 215, -4*c = -4*f + c + 445. Let u be (-14)/4 + 1/(-2). Let q = u - -25. What is the highest common factor of f and q?
21
Suppose 5*h = 2*x + 449, -2*x - 165 - 11 = -2*h. What is the greatest common factor of h and 28?
7
Let f(k) = 3*k**2 - 34*k + 27. Let c(s) = 2*s**2 - 6*s + 7. Let j be c(4). Let a be f(j). Calculate the greatest common factor of a and 24.
24
Suppose -s + 317 = -5*l - 122, -s + 3*l = -429. Calculate the highest common factor of s and 18.
18
Suppose -2*d + t + 7 = 0, -5*d + 6 + 4 = 5*t. What is the highest common factor of 4 and d?
1
Suppose -4*d - 220 = d. Let n = 80 + d. Calculate the greatest common factor of n and 18.
18
Suppose -8 = -c + 2*o + 6, -4*c = 3*o - 45. What is the highest common factor of 78 and c?
6
Suppose -7*r - 141 = -10*r. Let g be (2 + 3/(-3))*r. What is the highest common factor of 329 and g?
47
Suppose -32*g = -835 - 701. Calculate the greatest common factor of g and 78.
6
Let a(f) be the third derivative of 5*f**4/24 + f**3/3 + f**2. Let s be a(1). Let o be (-3)/s + (-495)/(-77). Calculate the greatest common factor of 30 and o.
6
Let k be (-6)/(-8) - (-534)/24. Suppose 3*g + 10 = 5*y, 0*y - 4 = -2*y - 3*g. Let n be 4*(-23)/y*-2. What is the highest common divisor of k and n?
23
Suppose -2*l + 1512 = 4*l. Suppose 5*n - l - 378 = 0. Calculate the highest common divisor of n and 14.
14
Suppose -3*m + 52 = -20. Let g(p) = 37*p**3 - p**2 + p - 1. Let n be g(1). Calculate the highest common divisor of n and m.
12
Suppose 0 = -j - 30*j + 718 + 801. Suppose 5*t - 490 = 3*t. What is the greatest common factor of j and t?
49
Let i = -189 + 277. Calculate the highest common factor of i and 11.
11
Let u(l) = 7*l**2 - 2*l**2 + 4*l - 4*l**2 + 9. Let t be u(-7). Let o(f) = -f**2 + 20*f + 11. Let i be o(16). Calculate the highest common factor of t and i.
15
Suppose 0 = -2*o - 5*q + 41, -2*o + q - 5 = -16. Suppose -o*c = -4*c - 352. Calculate the highest common divisor of 11 and c.
11
Suppose 6*s + 15 - 75 = 0. Calculate the highest common factor of 470 and s.
10
Let x = -225 - -345. Let w be 5 + 4/(-4) + 11. What is the greatest common divisor of w and x?
15
Let a(u) = -u. Let x be a(-6). Let y be x/(-27) - 904/(-18). What is the greatest common divisor of 30 and y?
10
Let k(f) = f**2 - 10*f - 2. Let y be k(11). Let m(n) = 4*n**3 - 39*n**2 + 28*n - 8. Let s be m(9). Calculate the highest common divisor of s and y.
1
Suppose 4*n - 5*r = 1828, -5*n + 3*r = -0*r - 2298. Calculate the greatest common factor of 210 and n.
42
Suppose 0 = 3*c - 9, 17*g = 14*g - 5*c - 588. Suppose 0 = -4*m + 3*x - 1318, -5*x - 341 = m - 0*x. Let d = g - m. What is the highest common factor of d and 26?
26
Let k(w) = -w**2 - 10*w - 2. Let d be ((-18)/(-8))/(1/(-4)*1). Let j be k(d). Calculate the highest common divisor of j and 35.
7
Let a be (80/25 + -2)*5. Let x be a/10 - 3699/(-135). What is the greatest common divisor of x and 42?
14
Let y be 8/5 + (-8)/(-20). Suppose 3*h - 4*h + y = 0. Suppose -118*d = -139*d + 336. Calculate the greatest common divisor of d and h.
2
Suppose -3*g + 5*s + 29 = -107, -4*g + 173 = -5*s. What is the greatest common divisor of 2368 and g?
37
Suppose -370 = -3*k - 34. Suppose 3*r = -3, -51 - 44 = 2*d - r. Let b = d + k. What is the highest common factor of 8 and b?
8
Let y be (-28)/(-462) + 2110/33. Calculate the highest common divisor of y and 40.
8
Let a(t) = -3*t**3 - t**2 - 3*t + 120. Let w be a(0). Calculate the highest common factor of w and 200.
40
Let y(g) = g**3 + 38*g**2 - 9*g - 111. Let i be y(-38). Calculate the highest common divisor of 132 and i.
33
Suppose g = -0*g + 12. Let z be 7/(-70)*1238 + 2/(-10). Let v = -106 - z. Calculate the greatest common factor of v and g.
6
Let j = 120 + -36. Let b = -396 + 522. What is the greatest common factor of j and b?
42
Let y(r) = 4*r**3 + 2*r**2 - r. Let t be y(1). Suppose -8*i = 11*i - 665. Let j = i - t. Calculate the greatest common divisor of j and 75.
15
Let q(m) = -4*m**2 + 4*m - 2. Let p be q(3). Let n be 10*(3 + p/10). Suppose 0 = -n*t + 258 + 666. Calculate the highest common divisor of 21 and t.
21
Let b be 3/3*(-28)/(-4). Suppose 4*x - b*x + 36 = 0. What is the greatest common factor of x and 8?
4
Suppose 0 = -z, -q = 4*q + 2*z. Suppose -4 = -k - q. Suppose -k*m + 17 = -43. Calculate the highest common divisor of 30 and m.
15
Let q be -2 - (3 - 1)*2. Let z = q + 29. What is the highest common divisor of z and 23?
23
Let x(k) = 7*k - 77. Let v be x(33). What is the greatest common divisor of v and 22?
22
Let r be (114/12)/((-2)/4). Let v = -12 - r. What is the greatest common divisor of 56 and v?
7
Let j be (-4*1)/(22/33). Let f be 2*(-8)/48 - 116/j. What is the greatest common factor of f and 152?
19
Let w(k) = -2*k**2 + 29*k - 16. Let n be w(13). Let f be n*-2*(-2)/4. What is the highest common divisor of f and 92?
23
Let n = -798 - -377. Let b = -283 - n. Let d(f) = -12*f - 1. Let k be d(-2). What is the greatest common factor of k and b?
23
Suppose 0 = 2*v - 4*v + 180. Let s(j) = j**3 + 18*j**2 - 175*j - 609. Let n be s(-24). What is the greatest common factor of n and v?
45
Let w be (-26)/(-182) + (-152)/(-14). Calculate the greatest common factor of 2 and w.
1
Let x = 1 - -11. Let q be (22/(-3))/((-2)/x). What is the greatest common factor of q and 110?
22
Suppose 0 = 2*o + 10 - 30. Let v = 21 - o. What is the highest common divisor